- 90 = 0, 2*l + h*n = 48. Is 5/35 - (-1928)/l a prime number?
False
Suppose 4*b = -4*j + 124148, 0*j + 16 = -4*j. Suppose 213*q - b = 204*q. Is q composite?
False
Suppose -7*l = -55493 + 4694. Suppose 4*a = -2*i + 2998, 3*i + 5*a - l + 2755 = 0. Is i - (-4 + (-4 - -4)) a composite number?
True
Is ((-175)/14 - -14)*16186 composite?
True
Let x(q) = q**3 + 13*q**2 + 14*q - 1. Suppose 0 = 4*n - 5*p + 35, -2*p = 4*n - 4*p + 38. Let m be x(n). Let t = m + -70. Is t a composite number?
False
Let b be (1 + 1)*(55 - 57). Is b/(-10) - 1 - 209976/(-60) prime?
True
Suppose -2*c - 26328 = -3*a + 190027, a - 3*c = 72130. Is a prime?
False
Let g = -233954 + 331089. Is g composite?
True
Is (-115708)/(-12) - -6 - (-4)/6 a composite number?
False
Let q = 53618 + -34065. Is q a composite number?
False
Suppose 2*s + 3*s = -f - 17, 0 = 2*s + 8. Suppose f*v = -5*u - v, 3*u - 37 = 5*v. Suppose 7*k - 3*k = 3*t - 4593, u*t + 4*k = 6152. Is t a prime number?
False
Let f be (-22)/(-4*4/(-8)). Let h be (-30 - -1)/(27/18 - 2). Let j = f + h. Is j a prime number?
True
Let p = 20 - 46. Let s = 29 + p. Let u(k) = 26*k + 4. Is u(s) a prime number?
False
Let x(r) = 6956*r**2 + 1353*r - 6756. Is x(5) a composite number?
False
Suppose 82 = -6*a + 82. Suppose 0 = -4*l - l - 3*x + 27553, a = 5*l - 2*x - 27573. Is l prime?
False
Let u = 946 - 502. Suppose -2*b - m = -6*b + 1755, 0 = -b + 2*m + u. Suppose -b = -2*h + 280. Is h a composite number?
False
Let c(h) be the third derivative of 35*h**5/12 - h**4/24 - 11*h**3/6 - 6*h**2. Let o be (3 - -3)/(-1 - -3). Is c(o) composite?
True
Suppose 4*w - 152 = 3*s, 6*w - 2*w + s = 136. Suppose 5*y = -2*y + w. Suppose 0*u + y*u = -3*d + 644, -3*u - 5*d + 396 = 0. Is u a prime number?
True
Suppose -4*w + 58*w - 15714 = 0. Let l = w - -1268. Is l composite?
False
Suppose 5*y - 4*k = 30, -4*k + k - 15 = 0. Suppose 0 = -4*j - 5*h + 41, j + h - y - 9 = 0. Suppose -9*t - 1370 = -j*t. Is t a prime number?
False
Suppose 6*t - 336800 = -27*t + 603238. Is t a composite number?
True
Suppose -18*w + 2003230 = -8*w. Is w composite?
False
Is ((-18)/4)/(36/(-48)) - -309791 a composite number?
False
Let z(v) = -18 + 3*v + 27*v**2 - 26 + 42 - 241*v**3. Is z(-3) a prime number?
False
Suppose 8*h - 3272 - 1528 = 0. Suppose -2*p + 198 = m - 38, -5*p - 5*m = -h. Let q = 183 - p. Is q a composite number?
False
Suppose 32*a = 2049681 + 3022927. Is a a composite number?
False
Suppose 149105 = t + 3*g, 2*t - 6*g = -10*g + 298218. Is t a prime number?
False
Suppose -346*p + 339*p + 74221 = 0. Is p a prime number?
False
Let w be 2/(-8) - (-776)/32*1. Suppose 19*i - w*i = -7195. Is i a prime number?
True
Is 52/(-24) + 2 - 18896052/(-72) a composite number?
True
Suppose 0 = -6*n - 7 + 19. Suppose 0*c - n*c + 6218 = -z, 0 = 5*c + 2*z - 15545. Is c a prime number?
True
Suppose 0 = 5*u + 17*u - 389466. Suppose -4*n = -9*n + 3*t + 17699, -5*n + t + u = 0. Is n a prime number?
True
Suppose 5*a + 1631 = -3*w - 890, -2523 = 5*a + 4*w. Let t = a - -740. Suppose q = 5*s + t, 3*q + s + 237 = 4*q. Is q a composite number?
True
Let p = -1100 - -2267. Let c = p - -92. Is c composite?
False
Let v(n) = -4*n + 7. Let s be v(1). Suppose 4269 = s*y + 177. Suppose 3015 = 3*u - 2*o, 0 = 5*u - 3*o - y - 3662. Is u prime?
False
Let v be (2 - 315/(-6))/(11/10824). Suppose -k - 107311 = -2*g + 4*k, -g = 3*k - v. Suppose -8*h = -g + 1171. Is h a prime number?
False
Let a(y) be the first derivative of -7*y**4/4 - 2*y**3/3 + 2*y**2 + 16*y + 15. Is a(-5) prime?
True
Let j = -87822 + 440483. Is j composite?
False
Let l(m) = m**2 + 11*m - 6. Let z be l(-11). Let s be z/(-2) + 0 + 54 + 5. Suppose 0 = -8*f + 6*f + s. Is f a prime number?
True
Suppose 4*m - 136 = -4*m. Suppose 4 = -y, 16*o - 3*y = m*o - 1245. Suppose -3*f + 1536 = 3*k - 372, 2*f - o = k. Is f a prime number?
True
Suppose 5*g = 7*c - 3*c - 970487, 2*c - 5*g = 485241. Is c a prime number?
False
Suppose -5*d = -2*a + 34309, 53*d - 58*d = -25. Is a a composite number?
False
Let j = -30177 - -81871. Is j a composite number?
True
Suppose -3*l + 83558 = -4*h - 689771, -l + 257788 = h. Is l composite?
False
Suppose 0 = 3*u + 7 - 76. Let g be u + (-2 - -2) - 1. Is -1 - (-3 + 5 - g) composite?
False
Suppose -34*j = -39*j + 15. Suppose 951 + 81 = -j*u. Let f = u - -637. Is f a prime number?
True
Suppose 95*c - 19945 = 90*c. Is c a composite number?
False
Suppose -v + 301865 = 2*q, 603738 = 2*v - 36*q + 32*q. Is v a prime number?
True
Suppose 857*y - 864*y = -35. Suppose -y*n + 1080 = 335. Is n a prime number?
True
Let g(j) be the third derivative of 61*j**4/8 + 13*j**3/3 + 599*j**2. Let i = -1 + 12. Is g(i) a composite number?
False
Let o(t) = 8*t + 4 + 1 + 100*t**2 + 6. Suppose j - 4*r + 7 = 0, -6*j = -2*j - 4*r + 16. Is o(j) a prime number?
True
Suppose -4*j - n = -5*n - 1431876, -715946 = -2*j + 4*n. Is j prime?
False
Suppose -12 = 3*h, 3*h + 20 + 20 = -4*z. Is (-483)/6*4/z a prime number?
False
Let u = -152662 - -287835. Is u composite?
False
Let f = 37 + -35. Let r(o) = 127*o**2 - 6. Let z be r(f). Suppose c = -c + z. Is c a prime number?
True
Let x(g) = -g**3 + 34*g**2 + 54*g + 161. Is x(26) a composite number?
True
Is ((-1)/((-2 + 6)/(-94876)))/1 composite?
False
Suppose x + 3*g - 6 = 6, 4*x + 20 = 5*g. Suppose 3*s = o - 3148, -o - 4*o + 3*s + 15800 = x. Is o a prime number?
True
Let i(d) = -32*d - 20. Let m be i(-10). Let f = m - -28. Suppose 5*c = 2193 - f. Is c prime?
True
Let t(g) = 105*g**2 + 9*g - 5. Let w be t(8). Let v = w + -3338. Is v composite?
False
Suppose 11 = 3*i - 1. Suppose -i*b - 1303 = -3*h, -8*h - 864 = -10*h + 5*b. Is h prime?
False
Let f = -4 + 21. Let p be 105/(-84)*(0 + 1856/(-4)). Suppose 3*s - p = f. Is s a composite number?
False
Let x(m) = 10*m - 6. Let s be x(1). Let f(k) = 7 + 6*k**2 + 40*k**3 + 1 - s - k - 33*k**3. Is f(6) prime?
False
Is (-1)/(0 - -6) - -10*(-1759940)/(-336) a prime number?
True
Let u(r) be the first derivative of -52*r**2 - 38*r**2 + 44 + 31*r + 29*r**2. Is u(-11) a prime number?
True
Let r(u) = u**2 - 4*u - 11*u**3 + 4*u + 2*u**3. Let j be r(-1). Suppose -8*s - 326 = -j*s. Is s a composite number?
False
Suppose 11 = -2*p - q - 4*q, p + q = -10. Let g(s) be the second derivative of -s**5/20 - s**4 + s**3/2 + 3*s**2/2 + 76*s. Is g(p) composite?
True
Let i(b) be the first derivative of -847*b**2/2 - 97*b - 87. Is i(-4) a composite number?
True
Is ((-2 - -1)/((-9)/5133015))/1 composite?
True
Let x = -61001 - -86986. Is x prime?
False
Let d(o) = -o**2 - 22*o + 34. Let l be d(-23). Suppose -2*v + 2*g + l = 3, g - 11 = -4*v. Is 4506/(1 + v - 2) a composite number?
True
Suppose 92 = 3*h - 4*h + k, -294 = 3*h + 3*k. Let c = -92 - h. Suppose 0*l = -4*l - 4*x + 3444, -5*l + 4321 = -c*x. Is l prime?
True
Let a(l) = -142093*l**3 + 5*l + 4. Let i be a(-1). Is (8/32)/(9/i) a composite number?
False
Suppose -154*v = 30*v - 36978664. Is v composite?
False
Let i(u) = 9*u - 23. Let a be i(3). Is 704664/120 - a/(-5) composite?
True
Let a = 14644 - 20645. Let k = -3392 - a. Is k a composite number?
False
Suppose 0 = f - 5*u - 23336, u + 60335 = 2*f + 13690. Is f a composite number?
False
Let l(k) = -45*k - 5. Let v(j) = -15*j - 2. Let u(o) = -3*l(o) + 8*v(o). Suppose 2*s + 10 = -3*g, 2*s - 6*s = 5*g + 16. Is u(s) composite?
True
Suppose m = -5*o + 33, -3*o + m = -6 - 9. Suppose 108 = s - 2*c, 4*c = -s + o*s - 570. Is (s/(-4))/(8/(-16)) a prime number?
True
Let h = -582211 + 997280. Is h a composite number?
False
Let f be 139995/21 - -3 - 4/(-7). Suppose 0 = -8*k - f + 16886. Is k prime?
True
Suppose 0 = -29*v - 6*v + 175. Suppose -z = -5*c - 6963 - 2193, v*c = -5. Is z a prime number?
True
Suppose -34*j + 2*r = -33*j - 6067, 3*r + 12 = 0. Let m = 3410 + j. Is m a composite number?
True
Suppose -2*w + 5*y + 22796 = 0, -w - 3*y + 11380 = -y. Suppose -3*c + 3*z = -29163 + w, 5*z - 11836 = -2*c. Is c a composite number?
False
Let m(g) = -17715*g**2 - 4*g - 2. Let v be m(-1). Let r = -5132 - v. Is r prime?
False
Suppose -2*m - 2*i = -4, -4*m + 3*i = 8*i - 11. Let r be 2 - (m + 3/3). Suppose -f + 6137 = 2*l, -f - r*f = -l + 3058. Is l prime?
True
Let v = -127286 - -193615. Is v composite?
True
Suppose 77 = 8*f + 3*f. Suppose f*c - 5031 + 1412 = 0. Is c a composite number?
True
Let q(h) = 336*h + 173. Let c be q(